late the remainder when v(52) is divided by r(l).
16
Let n = 37 + -29. What is the remainder when 17 - (1 + -1 + -1) is divided by (-17)/68 + 34/n?
2
Let y(q) be the first derivative of 1/2*q**2 + 4 - 2*q. What is the remainder when 4 is divided by y(4)?
0
Suppose a = -4, -400 = -2*k - 18*a + 14*a. What is the remainder when k is divided by 35?
33
Calculate the remainder when 1160 is divided by 2*3/(-2)*(-3818)/138.
81
Let y = 31 - 17. Suppose -4*x + 65 = 3*k, 0 = -3*k - k - 2*x + 100. What is the remainder when k is divided by y?
13
Suppose 2 = -t - 3*h + 5, 0 = h. Let z be 336 - 10 - t/1. Suppose 5*p - z = 112. What is the remainder when p is divided by 30?
27
Let w(k) be the first derivative of -k**3/3 + k**2 + 12*k + 11. Calculate the remainder when w(0) is divided by 5.
2
Let h = 5 - 0. Suppose 0*f + h*f = -15. Calculate the remainder when 6/18 + (-35)/f is divided by 7.
5
Let q(m) = -2*m**3 - m**2 + 2*m - 3. Calculate the remainder when (1224/272)/(3/46) is divided by q(-3).
33
Let t(z) = 2*z - 13. Let p be t(9). Let l(q) = 6*q**2 - q**3 + 12 - q - 8 - 8. What is the remainder when l(p) is divided by 9?
7
Suppose 815 = 33*t + 254. What is the remainder when 491 is divided by t?
15
Suppose 69*g = 54*g + 525. Calculate the remainder when g is divided by 10.
5
Let u = 491 - 351. Calculate the remainder when u is divided by 368/10 + 10/50.
29
Suppose -g - g + 5*l = 5, 3*g = 5*l - 5. Let y = g + 5. Suppose 2 + 53 = 5*k - y*m, -k = -5*m + 5. What is the remainder when k is divided by 8?
7
Suppose -2*g + 15 = 51. Let w = -22 - g. Calculate the remainder when 30/(-40) - 43/w is divided by 3.
1
Suppose 0 = 4*n, 2*c + 0*c - 4*n = 56. Calculate the remainder when (2870/(-28))/(60/16 - 5) is divided by c.
26
Let a(v) = -v**2 + 9*v - 13. Let f = 20 + -8. Let m be a(f). Let j = m - -101. Calculate the remainder when j is divided by 19.
14
Suppose 0 = 5*c + 3*y - 172, 112 = 3*c + y + 3*y. What is the remainder when 189 is divided by c?
29
Let u(m) = -m**2 + m - 1. Let a(t) = 13*t**2 + 6. Let v(x) = a(x) + 2*u(x). What is the remainder when v(-2) is divided by 15?
14
Let c = 145 - 130. Let p = 81 + -7. What is the remainder when p is divided by c?
14
Let i(w) = -w**3 + 14*w**2 + 9*w + 75. What is the remainder when i(12) is divided by 17?
12
Suppose -475 - 75 = 5*h. Let r = 163 + h. What is the remainder when r is divided by 11?
9
Let z(l) = -26*l + l**3 + 40*l + 6 + 6*l**2 - 22*l. What is the remainder when 47 is divided by z(-7)?
8
Let p = 182 + 2. Let a = -3621 - -3668. What is the remainder when p is divided by a?
43
Suppose -3*r + 40 + 32 = 0. Suppose -n = 7*q - 2*q - r, -3*q + 18 = n. Calculate the remainder when 31 is divided by (-12)/n*-3*2.
7
Let f(n) = -n**3 - 23*n**2 - n + 20. Calculate the remainder when 204 is divided by f(-23).
32
Suppose -4*k + 77 = -51. Suppose -3067*p - 1590 = -3077*p. What is the remainder when p is divided by k?
31
Suppose 5*f + 2*i = -17, 0 = 5*i - i - 16. Let w(o) = -o**3 - 6*o**2 + o + 9. Let n be w(f). What is the remainder when 31 is divided by ((-17)/(-3))/((-7)/n)?
14
Let d(m) = 38*m - 166. Calculate the remainder when 142 is divided by d(5).
22
Suppose 66 = 2*i + 4*o, 3*i + o - 5*o = 69. Calculate the remainder when 70 is divided by i.
16
Let v = -1 - -31. Calculate the remainder when 86 is divided by v.
26
Let h(m) = 7*m**2 - 33*m - 22. Let k(b) = 10*b**2 - 49*b - 33. Let w(f) = 7*h(f) - 5*k(f). What is the remainder when w(12) is divided by 13?
9
Let s = -98 + 139. Suppose -4*n + s = -179. Calculate the remainder when n is divided by (-21)/(-8)*(-34)/(-51)*8.
13
Suppose 5 + 3 = 4*l. Suppose 0 = l*v - 18 - 98. Suppose 0 = -5*x + v + 17. What is the remainder when x is divided by 9?
6
Let f(k) = -k**2 - 36*k + 610. Suppose -y + 338 = y. What is the remainder when y is divided by f(12)?
33
Let a(f) = 5*f**2 - 2*f + 187. Calculate the remainder when a(0) is divided by 10.
7
Suppose 4*b + 16 = -4*a, -2*a + 4*b + 11 = -5. Suppose -4*x + 64 = -a*u - 5*u, 2*u = -x + 29. Let o = x + 5. What is the remainder when 77 is divided by o?
25
Let v(c) = 2*c**2 - 30*c + 51. What is the remainder when v(16) is divided by 45?
38
Let x = 715 - 105. What is the remainder when x is divided by 77?
71
Let o = 31 + -20. Let r = -9 + 15. Suppose -r*d + 3*d - 6 = -3*i, 4*i - 13 = -d. Calculate the remainder when o is divided by i.
2
Let g(s) = s**2 - 2*s - 8. Let w be g(-6). Suppose -b = 4*y + y - 40, -3*b + y + w = 0. Calculate the remainder when (-1 + (-2 - -46))/(0 - -1) is divided by b.
13
Let k be (-1 - 0) + 2 + -3. Suppose -11*q + 10*q + 3*n = -32, 3*n = 2*q - 76. What is the remainder when q is divided by (-1)/(31/(-15) - k)?
14
Let h = 18540 + -18532. Calculate the remainder when (-1)/(2/(-28)*1) is divided by h.
6
Calculate the remainder when 403 is divided by 326/22 - 14/(-77).
13
Let u(b) = b**2 + 38*b + 12. What is the remainder when u(5) is divided by 18?
11
Let g(i) = -i**3 - 7*i**2 - 2*i - 46. Calculate the remainder when g(-8) is divided by (-32 + 2)*6/(-15).
10
Let u(q) = 4*q**2 - 27*q - 1. Calculate the remainder when 21 is divided by u(7).
3
Let v = 1 + -1. Suppose 2*d - 32 = -v*d. Calculate the remainder when 45 is divided by d.
13
Let g(t) = 2 + 6*t + 11 - 13. Let l = 2 + 7. What is the remainder when l is divided by g(1)?
3
Let a(f) be the first derivative of -f**2 + f + 2. Calculate the remainder when 6/264*1108 + (-6)/33 is divided by a(-3).
4
What is the remainder when (-693)/(-7) + 4*2 is divided by 18?
17
Suppose -m - 216 = -4*p, -4*m - 4 = -3*m. Let z = 138 + p. What is the remainder when z is divided by 49?
44
Let x = 74 + -55. Calculate the remainder when 68 is divided by x.
11
Let a = 17 + 5. Suppose -17*h + 10*h = -84. What is the remainder when a is divided by h?
10
Let y(s) = s**2 + s - 1. Let z(b) = -8*b**2 + 7*b - 6. Let c(h) = 6*y(h) - z(h). Let f = 6 - 7. What is the remainder when 42 is divided by c(f)?
12
Suppose 41 = 20*z - 19*z. Calculate the remainder when 78 is divided by z.
37
Let w = 607 + -582. What is the remainder when w is divided by (-20)/(-6) - 4/12?
1
Let m = -7 - -42. Let h(c) = -c + 18. Let a be h(0). What is the remainder when m is divided by a/((3/2)/1)?
11
What is the remainder when (7748/745)/((-13)/15 - -1) is divided by 4?
2
Let i(z) = z**3 + 8*z**2 - 23*z + 5. Let j be i(-10). Calculate the remainder when 85 is divided by ((-114)/(-30) + -3)*j.
1
Let k = 2 + 1. Let n = 79 + -76. Suppose 0*l = 3*l - n. What is the remainder when k is divided by l?
0
Let u = 7551 - 5292. What is the remainder when u is divided by 13?
10
Let w = -157 - -795. Calculate the remainder when w is divided by 32.
30
Let p(l) = 3*l**2 + 1. Let o be p(-6). Let f = o + -41. Calculate the remainder when f is divided by 19.
11
Let w(k) = k**3 + 5*k**2 - 7*k - 2. Calculate the remainder when 182/9 - ((-182)/63)/(-13) is divided by w(-6).
0
Let f(q) = -q**2 + 3*q + 8. Let u be f(4). What is the remainder when u/10 - (-3)/(-30)*-146 is divided by 8?
7
Let z = -484 + 507. What is the remainder when 205 is divided by z?
21
Suppose -2*f + 2*y = 3*y - 5, f + 4*y = -1. Let z = f + 199. What is the remainder when z is divided by 34?
32
Suppose -5*p + 23 = -22. Suppose p*a = 7*a + 26. Calculate the remainder when 20 is divided by a.
7
Suppose 0 = -0*n + n - 32. What is the remainder when 75*((-132)/18 - -9) is divided by n?
29
Let f(x) = 2*x**2 - 25*x - 86. What is the remainder when 320 is divided by f(-4)?
44
Let v(m) = m + 3. Let p = -264 - -267. What is the remainder when p is divided by v(0)?
0
Suppose 0 = 8*v - 0 + 8. Calculate the remainder when (4/(-8) + v)*-14 is divided by 12.
9
Suppose -277 + 771 = 38*p. Calculate the remainder when 23 is divided by p.
10
Let q(w) = -w**3 - w**2 - 3*w - 10. Let a be (6 - 0)*(-12)/18. Calculate the remainder when 197 is divided by q(a).
47
Let h be 5/2 - 4/8. Let p(v) = 9*v**2 + 4*v - 13. Calculate the remainder when 153 is divided by p(h).
29
Let o(s) be the second derivative of s**4/12 - 7*s**3/6 + 3*s**2/2 - 9*s. Suppose 14 = 2*p - 26. Calculate the remainder when p is divided by o(8).
9
Suppose 314*y = 309*y + 185. What is the remainder when 141 is divided by y?
30
Let n = -205 - -258. Calculate the remainder when n is divided by 13.
1
Let b = -2018 + 2106. Calcul